313750?
2, 5, 251
What are the prime factors of 1178157?
3, 43, 9133
List the prime factors of 3108146.
2, 1554073
List the prime factors of 346198.
2, 173099
List the prime factors of 6358307.
137, 46411
List the prime factors of 460401.
3, 43, 83
What are the prime factors of 16335494?
2, 7, 983, 1187
List the prime factors of 1470987.
3, 7, 43, 181
List the prime factors of 166820.
2, 5, 19, 439
List the prime factors of 234687.
3, 78229
What are the prime factors of 58482?
2, 3, 19
What are the prime factors of 1471108?
2, 367777
What are the prime factors of 1235393?
37, 173, 193
What are the prime factors of 315442?
2, 157721
List the prime factors of 797686.
2, 23, 17341
List the prime factors of 635668.
2, 11, 14447
List the prime factors of 4338539.
4338539
List the prime factors of 83844.
2, 3, 17, 137
List the prime factors of 23586613.
67, 197, 1787
List the prime factors of 1182345.
3, 5, 78823
What are the prime factors of 661381?
7, 94483
What are the prime factors of 2420730?
2, 3, 5, 13, 2069
List the prime factors of 932841.
3, 7, 13, 17, 67
List the prime factors of 8798753.
283, 31091
What are the prime factors of 33144976?
2, 2071561
What are the prime factors of 18392283?
3, 7, 13, 17, 1321
What are the prime factors of 902546?
2, 593, 761
List the prime factors of 39506.
2, 19753
What are the prime factors of 29339080?
2, 5, 733477
What are the prime factors of 42493?
11, 3863
What are the prime factors of 5872359?
3, 1957453
List the prime factors of 302770.
2, 5, 13, 17, 137
What are the prime factors of 4174886?
2, 2087443
What are the prime factors of 11703023?
11703023
What are the prime factors of 4886698?
2, 349, 7001
List the prime factors of 49734.
2, 3, 307
List the prime factors of 1795435.
5, 73, 4919
List the prime factors of 202197.
3, 67399
What are the prime factors of 4786729?
59, 81131
List the prime factors of 72691.
157, 463
List the prime factors of 18715717.
18715717
List the prime factors of 330293.
17, 19429
List the prime factors of 16966490.
2, 5, 1696649
What are the prime factors of 3548623?
13, 272971
List the prime factors of 7350971.
257, 28603
List the prime factors of 213256.
2, 19, 23, 61
What are the prime factors of 765816?
2, 3, 17, 1877
What are the prime factors of 234464?
2, 17, 431
What are the prime factors of 469330?
2, 5, 46933
List the prime factors of 281177.
13, 43, 503
What are the prime factors of 2856069?
3, 271, 1171
List the prime factors of 113774.
2, 163, 349
What are the prime factors of 530261?
530261
List the prime factors of 6722789.
19, 37, 73, 131
List the prime factors of 167827.
11, 19, 73
What are the prime factors of 533196?
2, 3, 4937
List the prime factors of 28279.
28279
List the prime factors of 3872650.
2, 5, 73, 1061
What are the prime factors of 1770892?
2, 293, 1511
List the prime factors of 167766.
2, 3, 27961
List the prime factors of 2158716.
2, 3, 7, 31, 829
List the prime factors of 142568.
2, 71, 251
What are the prime factors of 2483765?
5, 389, 1277
What are the prime factors of 3975843?
3, 31, 42751
What are the prime factors of 314433?
3, 7, 23, 31
List the prime factors of 1464467.
1464467
List the prime factors of 388895.
5, 13, 31, 193
What are the prime factors of 21463257?
3, 2153, 3323
What are the prime factors of 235752?
2, 3, 11, 19, 47
List the prime factors of 38116057.
7, 17, 320303
What are the prime factors of 3349819?
11, 29, 10501
List the prime factors of 2650890.
2, 3, 5, 11, 29, 277
List the prime factors of 3405171.
3, 7, 11, 14741
List the prime factors of 9266081.
11, 842371
What are the prime factors of 5177527?
31, 167017
List the prime factors of 202778.
2, 53, 1913
What are the prime factors of 249019?
227, 1097
What are the prime factors of 706017?
3, 13, 43, 421
List the prime factors of 624456.
2, 3, 7, 59
What are the prime factors of 771143?
771143
What are the prime factors of 2707996?
2, 109, 6211
List the prime factors of 9942196.
2, 11, 31, 37, 197
What are the prime factors of 882138?
2, 3, 233, 631
What are the prime factors of 4972260?
2, 3, 5, 79, 1049
List the prime factors of 18788372.
2, 4697093
What are the prime factors of 232713?
3, 13, 17
List the prime factors of 751234.
2, 11, 34147
What are the prime factors of 119405?
5, 11, 13, 167
List the prime factors of 388309.
23, 16883
What are the prime factors of 25659758?
2, 12829879
What are the prime factors of 119418?
2, 3, 13, 1531
List the prime factors of 523234.
2, 431, 607
What are the prime factors of 1742431?
47, 131, 283
What are the prime factors of 109156?
2, 29, 941
List the prime factors of 917005.
5, 241, 761
What are the prime factors of 1675790?
2, 5, 113, 1483
List the prime factors of 1265224.
2, 89, 1777
What are the prime factors of 10566380?
2, 5, 11, 48029
List the prime factors of 1569416.
2, 196177
List the prime factors of 90894.
2, 3, 15149
What are the prime factors of 4975375?
5, 53, 751
List the prime factors of 321983.
321983
List the prime factors of 1114781.
647, 1723
What are the prime factors of 104423?
11, 863
List the prime factors of 2088651.
3, 19, 36643
What are the prime factors of 56099?
56099
What are the prime factors of 3333395?
5, 13, 51283
List the prime factors of 7361834.
2, 3680917
List the prime factors of 75972.
2, 3, 13, 487
List the prime factors of 536438.
2, 7, 38317
List the prime factors of 16106297.
16106297
List the prime factors of 4254111.
3, 47, 89, 113
What are the prime factors of 770457?
3, 17, 15107
List the prime factors of 317467.
167, 1901
List the prime factors of 374612.
2, 7, 17, 787
List the prime factors of 29416931.
23, 1278997
What are the prime factors of 173494?
2, 223, 389
What are the prime factors of 13045307?
11, 17, 69761
List the prime factors of 15086449.
7, 2155207
What are the prime factors of 6344240?
2, 5, 7, 11329
List the prime factors of 37328050.
2, 5, 746561
List the prime factors of 39491.
17, 23, 101
List the prime factors of 1769217.
3, 101, 5839
What are the prime factors of 274680?
2, 3, 5, 7, 109
List the prime factors of 459455.
5, 43, 2137
What are the prime factors of 92701?
7, 17, 19, 41
What are the prime factors of 2994998?
2, 499, 3001
What are the prime factors of 5785037?
271, 21347
List the prime factors of 1438630.
2, 5, 293, 491
What are the prime factors of 22394939?
7, 19, 23, 7321
List the prime factors of 105052.
2, 26263
List the prime factors of 59423.
7, 13, 653
What are the prime factors of 671044?
2, 11, 101, 151
List the prime factors of 9045264.
2, 3, 188443
What are the prime factors of 347383?
109, 3187
List the prime factors of 2877831.
3, 11, 41, 709
What are the prime factors of 12606369?
3, 23, 182701
List the prime factors of 3227827.
3227827
List the prime factors of 5837264.
2, 364829
List the prime factors of 10594427.
10594427
What are the prime factors of 898067?
898067
List the prime factors of 129574.
2, 17, 37, 103
What are the prime factors of 173553?
3, 17, 41, 83
What are the prime factors of 26726862?
2, 3, 4454477
What are the prime factors of 19879558?
2, 29, 53, 223
List the prime factors of 9070.
2, 5, 907
List the prime factors of 4466594.
2, 11, 18457
What are the prime factors of 777997?
11, 107, 661
List the prime factors of 89952.
2, 3, 937
What are the prime factors of 1267266?
2, 3, 7, 11, 13, 211
List the prime factors of 97796.
2, 23, 1063
List the prime factors of 23498096.
2, 1468631
List the prime factors of 16614017.
7, 2373431
What are the prime factors of 52054?
2, 17, 1531
List the prime factors of 1263249.
3, 13, 59, 61
List the prime factors of 80067.
3, 13, 2053
List the prime factors of 1489940.
2, 5, 23, 41, 79
What are the prime factors of 484066?
2, 11, 22003
What are the prime factors of 10554123?
3, 3518041
What are the prime factors of 981499?
37, 41, 647
What are the prime factors of 3451173?
3, 11, 23, 4547
What are the prime factors of 1370882?
2, 31, 22111
What are the prime factors of 49920?
2, 3, 5, 13
List the prime factors of 721203.
3, 7, 61, 563
List the prime factors of 1855.
5, 7, 53
List the prime factors of 843672.
2, 3, 35153
List the prime factors of 2542820.
2, 5, 7, 41, 443
What are the prime factors of 380365?
5, 127, 599
What are the prime factors of 62